 11?
11
Let c = -277 + 294. Let m be 2/(-7) + (-6640)/(-14). Suppose 4*p - m = -i, -2*p - p = -3*i - 363. What is the highest common divisor of c and p?
17
Let w(h) = 16*h**2 - 3*h + 3. Let i be w(5). Let t be (-6)/(-39) - i/(-13). What is the greatest common divisor of 75 and t?
15
Let g = -6 + 9. Let b be g/(-4) - 55/(-4). Let j(n) = 2*n**2 + 5*n. Let y be j(4). What is the highest common factor of y and b?
13
Let y = 246 - 148. Let m = y + -69. Calculate the greatest common divisor of m and 29.
29
Suppose 72 = 5*v - 3*q, -5*v + 80 = -5*q - 0*q. Calculate the highest common factor of 3 and v.
3
Suppose 2*r - 27 = -0*w - w, 2*r = -5*w + 119. What is the greatest common divisor of w and 92?
23
Suppose 4*k + 4*c = 53 + 831, 2*c - 226 = -k. What is the highest common divisor of 24 and k?
24
Suppose 5 = -c + 20. What is the greatest common divisor of 6 and c?
3
Let q(d) = 3*d**3 - d**2 - 2*d - 1. Let n be q(2). Let m be (-4)/(-6) + 20/6. Suppose 3*i - 26 = m. Calculate the greatest common divisor of n and i.
5
Let q = -22 + 145. Let i = q + -3. Calculate the highest common factor of i and 48.
24
Let z = -34 - -16. Let s be (z/(-15))/(3/75). Let d(q) = q**3 - 3*q**2 + 3*q - 3. Let l be d(3). What is the highest common divisor of s and l?
6
Suppose 0*h - 16 = -4*h. Suppose -93 - 355 = -h*t. Calculate the highest common factor of 14 and t.
14
Suppose 5*h = 152 - 62. What is the highest common divisor of 12 and h?
6
Let t be 3/(-6)*-8 - -12. Calculate the highest common divisor of t and 8.
8
Let t = -25 + 62. Suppose 8*g - t = -5. What is the greatest common divisor of g and 10?
2
Suppose -4 = d - 4*s, 4*s = -d + 3*s + 21. Let v = 90 - 58. What is the highest common divisor of v and d?
16
Let t = 0 - -5. Let a be -10*((-3)/2 + -1). Suppose -6*b = -b - a. Calculate the greatest common factor of t and b.
5
Suppose -2*q - 2 = -6. Suppose -2*f = -m + 21, 0 = 2*m + q*m + f - 111. Calculate the highest common divisor of 9 and m.
9
Suppose f + 63 = -2*f. Let p = 31 + f. Calculate the greatest common factor of 100 and p.
10
Let p(b) = -9*b - 2. Let a be (2 - (-2)/2) + 1. Suppose a = -5*o - 6. Let n be p(o). What is the highest common factor of n and 2?
2
Let d = 9 + -5. What is the highest common factor of d and 8?
4
Let y(q) = -q**3 + 9*q**2 - 5*q - 6. Let r be y(7). Let c be r - (6*2)/(-4). What is the highest common factor of c and 12?
12
Suppose -4*n + 15 = n. Suppose 3 = n*t - 36. Calculate the highest common divisor of t and 65.
13
Suppose u - 1 + 8 = 2*h, 5*h = -2*u + 4. Suppose 3*d - h*d = -2*v + 132, -4*v + 684 = 5*d. Calculate the highest common divisor of 14 and d.
14
Let b be (20/(-15) + 3)*6. What is the highest common divisor of b and 5?
5
Let i = -8 - -12. Suppose 5*g + 7 + 26 = 2*s, 4 = -i*s - 4*g. What is the greatest common divisor of 6 and s?
2
Suppose 0 = -2*v + 14 - 2. Let y = v + -3. What is the highest common divisor of y and 1?
1
Suppose -50 = -u - 4*u - 3*h, 4*u = 3*h + 40. What is the greatest common factor of u and 130?
10
Let g be ((-90)/(-25))/(3/80). Let a = -8 + 20. What is the highest common divisor of a and g?
12
Let b be 1624/30 + 6/(-45). Calculate the highest common divisor of 36 and b.
18
Suppose 16 = 2*d - 78. Suppose a = 23 + d. Let y be (-4)/6 - 44/(-3). What is the highest common factor of y and a?
14
Let o(s) = -s**3 - 7*s - 4. Let g = 5 - 11. Let r be o(g). Let k = -133 + r. What is the greatest common factor of k and 11?
11
Let s be 201 - 1*(3 + -1 + -5). Let x = 5 + -3. Let g be x/5 + s/15. What is the highest common divisor of g and 70?
14
Suppose 4*u - 63 = 261. Let y be 3/((-15)/(-6) + -1). Suppose 5*d + 1 = s - y*s, 3*d + 51 = 5*s. What is the highest common factor of u and s?
9
Suppose -c = -3*l - 17, -3*l + 3*c = -2*c + 1. Suppose d - 58 + 16 = 0. Let z be 114/d + (-2)/l. Calculate the greatest common factor of z and 30.
3
Let a(j) = j**3 + 4*j**2 + j - 1. Let h be a(-2). What is the highest common divisor of h and 5?
5
Suppose -130 = -7*k + 2*k. What is the greatest common factor of 26 and k?
26
Let r(c) = -c**3 - 2*c**2 + 4*c - 7. Let o be r(-5). Calculate the greatest common divisor of o and 6.
6
Suppose -5*g = -5*v + 20, 0*g - 2*g + 2 = 0. Suppose 0 = -v*z + 150 + 300. Calculate the highest common factor of 10 and z.
10
Let s(d) = 6*d**2 + 2*d - 6. Suppose 15 + 1 = 4*y. Let r be s(y). Let w be 6/(-12) - 58/(-4). What is the highest common factor of r and w?
14
Let u = 15 - 10. Let i(n) = 0*n**2 - 3*n**2 - u + 4*n**2 + 5*n. Let j be i(5). What is the highest common divisor of 5 and j?
5
Suppose 5*g - 3*w + 1 + 4 = 0, 4*w = 5*g + 10. Suppose 0 = r - g*r + 64. Calculate the highest common divisor of r and 8.
8
Let j(w) = 8*w - 6. Let i be j(6). What is the highest common divisor of 14 and i?
14
Let n = 88 + -54. Calculate the greatest common divisor of n and 51.
17
Let y be (3*-2)/(((-51)/2)/17). What is the highest common factor of y and 4?
4
Suppose 2*w = 7*w + 125. Let c be (-2)/16 + w/(-8). Calculate the greatest common divisor of 15 and c.
3
Suppose 2*c + 0*z = 2*z + 154, 3*z = 2*c - 156. What is the highest common divisor of 30 and c?
15
Let i be (-1140)/(-27) - 4/18. Suppose -4*p = 5*p - 126. What is the highest common factor of p and i?
14
Suppose 0*q + 10 = q. What is the greatest common factor of 10 and q?
10
Let c(k) = 2*k**3 - k**2 - 2*k - 1. Let d be c(2). Suppose 0*h - 5*h + 385 = 0. What is the highest common factor of d and h?
7
Let l = -14 + -4. Let q = 17 - l. What is the highest common factor of 14 and q?
7
Let q be (-216)/(-30) + (-1)/5. Let v(b) = 1 + q*b - 9 - 3*b. Let u be v(7). What is the greatest common divisor of u and 50?
10
Let c = -3 - 2. Let q = 0 - c. Let x be 2/(-8) + 282/8. Calculate the highest common divisor of x and q.
5
Let g = 11 - 5. Let a(n) = n**2 - 4*n - 3. Let q be a(g). Let w = 2 - -25. Calculate the highest common factor of w and q.
9
Let x(g) = 5*g**3 + 2*g**2 - g. Let u be x(3). Let n = -92 - -140. Let o = n - 33. Calculate the greatest common factor of o and u.
15
Let v(w) = -17*w. Let j be v(-1). Suppose 1 + j = g. Let y be (-1 - 162)*-1 - 1. What is the highest common divisor of g and y?
18
Let v be (-1340)/(-28) - 7/(-49). What is the greatest common divisor of 12 and v?
12
Let m(x) = -x - 2. Let y be m(-5). Suppose 3*i = -y*w + 93, -i - 130 = -5*i - w. Let g = -4 - -7. What is the greatest common divisor of g and i?
3
Suppose 6 + 4 = t. What is the greatest common divisor of t and 20?
10
Suppose -25 - 10 = -5*t. Let p(j) be the first derivative of -j**3/3 + 4*j**2 - 3*j - 5. Let i be p(t). What is the greatest common factor of i and 1?
1
Suppose 6 = 2*u - 16. Suppose -7*w + 2*w + 440 = 0. Calculate the greatest common divisor of w and u.
11
Suppose 0 = 7*d - 4*d - 81. Calculate the highest common factor of d and 3.
3
Let h be -3 + 42/3 - 0. Suppose 3*s - 3 = -0*s. What is the highest common factor of h and s?
1
Let g = -6 - -8. Suppose 31 + 163 = 5*i - n, -n = -g*i + 77. Calculate the greatest common divisor of i and 26.
13
Suppose 4*v - 196 = -5*c, -18 = -c - 3*v + 19. Suppose -3*n - 2*o + c = 0, -4*n - 10 + 78 = -o. Calculate the highest common divisor of n and 8.
8
Let z(q) = -23*q + 6. Let i(r) = 22*r - 6. Let a(g) = -4*i(g) - 5*z(g). Let n be a(3). Calculate the greatest common factor of n and 30.
15
Suppose 5*p - 2*y - 17 = 0, -4*p + y + 16 = -3*y. Suppose p*c - 3*u - 112 = 545, -5*u = 2*c - 445. Calculate the highest common divisor of 20 and c.
20
Let y = -3 + -2. Let q(x) = x**3 + 8*x**2 - 2*x + 3. Let i be q(y). What is the highest common factor of 11 and i?
11
Let u(z) = z**3 + z**2 + 91. Let l be u(0). What is the highest common divisor of l and 13?
13
Let n(s) be the first derivative of 2*s**3/3 + s**2 + s - 3. Suppose 5*u = -2 - 3. Let h be n(u). What is the highest common factor of h and 1?
1
Let u be (3/1 - 3) + -2. Let m be 243/18 - 1/u. Calculate the highest common divisor of 56 and m.
14
Suppose 118 = d - a + 3, -3*a = 4*d - 495. Calculate the greatest common divisor of 15 and d.
15
Suppose -2*l = -40 + 22. What is the greatest common divisor of l and 171?
9
Let k(n) = -n**3 + 6*n**2 + 4*n + 8. Let b be k(6). Let x = -110 + b. Let c = -48 - x. Calculate the greatest common divisor of 10 and c.
10
Suppose -4*d + 40 = -2*d. Calculate 